{"id":330,"date":"2012-02-12T21:09:25","date_gmt":"2012-02-12T20:09:25","guid":{"rendered":"http:\/\/www.couteaux-montlahuc.com\/?page_id=330"},"modified":"2019-11-08T10:23:58","modified_gmt":"2019-11-08T09:23:58","slug":"firesteels-pierres-a-feu","status":"publish","type":"page","link":"https:\/\/www.couteaux-montlahuc.com\/?page_id=330","title":{"rendered":"Firesteels (pierres \u00e0 feu)"},"content":{"rendered":"<p>Les tiges de ferrocerium produisent des \u00e9tincelles \u00e0 1650 \u00b0C, en utilisant un grattoir ou le dos d&rsquo;une lame de couteau. Il s&rsquo;agit d&rsquo;un accessoire tr\u00e8s utilis\u00e9 en survie pour allumer un feu dans des conditions difficiles.<\/p>\n<p>Tige diam\u00e8tre 8 mm. Longueur utile moyenne 90 mm.<\/p>\n<p>Voici quelques firesteels customs :<\/p>\n<p>Ils ne sont actuellement plus disponibles, mais c&rsquo;est r\u00e9alisable sous quelques jours pour toute commande.<\/p>\n<p style=\"text-align: center;\">Ref. : Cerf1<\/p>\n<div id=\"attachment_334\" style=\"width: 142px\" class=\"wp-caption aligncenter\"><a href=\"http:\/\/www.couteaux-montlahuc.com\/WordPress3\/wp-content\/uploads\/2012\/02\/Firesteel_cerf4.jpg\"><img loading=\"lazy\" decoding=\"async\" aria-describedby=\"caption-attachment-334\" data-attachment-id=\"334\" data-permalink=\"https:\/\/www.couteaux-montlahuc.com\/?attachment_id=334\" data-orig-file=\"https:\/\/www.couteaux-montlahuc.com\/WordPress3\/wp-content\/uploads\/2012\/02\/Firesteel_cerf4.jpg\" data-orig-size=\"352,794\" data-comments-opened=\"0\" data-image-meta=\"{&quot;aperture&quot;:&quot;43.52&quot;,&quot;credit&quot;:&quot;&quot;,&quot;camera&quot;:&quot;DC3320&quot;,&quot;caption&quot;:&quot;&quot;,&quot;created_timestamp&quot;:&quot;951915234&quot;,&quot;copyright&quot;:&quot;&quot;,&quot;focal_length&quot;:&quot;0&quot;,&quot;iso&quot;:&quot;100&quot;,&quot;shutter_speed&quot;:&quot;0.02&quot;,&quot;title&quot;:&quot;Premier Exif JPEG&quot;}\" data-image-title=\"Firesteel custom en bois de cerf\" data-image-description=\"&lt;p&gt;Firesteel custom en bois de cerf, livr\u00e9 avec grattoir&lt;\/p&gt;\n\" data-image-caption=\"&lt;p&gt;Firesteel custom en bois de cerf, livr\u00e9 avec grattoir&lt;\/p&gt;\n\" data-medium-file=\"https:\/\/www.couteaux-montlahuc.com\/WordPress3\/wp-content\/uploads\/2012\/02\/Firesteel_cerf4-132x300.jpg\" data-large-file=\"https:\/\/www.couteaux-montlahuc.com\/WordPress3\/wp-content\/uploads\/2012\/02\/Firesteel_cerf4.jpg\" class=\"size-medium wp-image-334 \" title=\"Firesteel custom en bois de cerf\" src=\"http:\/\/www.couteaux-montlahuc.com\/WordPress3\/wp-content\/uploads\/2012\/02\/Firesteel_cerf4-132x300.jpg\" alt=\"Firesteel custom en bois de cerf\" width=\"132\" height=\"300\" \/><\/a><p id=\"caption-attachment-334\" class=\"wp-caption-text\">Firesteel custom en bois de cerf, livr\u00e9 avec grattoir (12.50 \u20ac)<\/p><\/div>\n<p style=\"text-align: center;\">\u00a0Ref. : Renne1<\/p>\n<div id=\"attachment_335\" style=\"width: 138px\" class=\"wp-caption aligncenter\"><a href=\"http:\/\/www.couteaux-montlahuc.com\/WordPress3\/wp-content\/uploads\/2012\/02\/Firesteel_renne1.jpg\"><img loading=\"lazy\" decoding=\"async\" aria-describedby=\"caption-attachment-335\" data-attachment-id=\"335\" data-permalink=\"https:\/\/www.couteaux-montlahuc.com\/?attachment_id=335\" data-orig-file=\"https:\/\/www.couteaux-montlahuc.com\/WordPress3\/wp-content\/uploads\/2012\/02\/Firesteel_renne1.jpg\" data-orig-size=\"339,794\" data-comments-opened=\"0\" data-image-meta=\"{&quot;aperture&quot;:&quot;43.52&quot;,&quot;credit&quot;:&quot;&quot;,&quot;camera&quot;:&quot;DC3320&quot;,&quot;caption&quot;:&quot;&quot;,&quot;created_timestamp&quot;:&quot;951915158&quot;,&quot;copyright&quot;:&quot;&quot;,&quot;focal_length&quot;:&quot;0&quot;,&quot;iso&quot;:&quot;100&quot;,&quot;shutter_speed&quot;:&quot;0.02&quot;,&quot;title&quot;:&quot;Premier Exif JPEG&quot;}\" data-image-title=\"Firesteel custom en bois de renne\" data-image-description=\"&lt;p&gt;Firesteel custom en bois de renne, livr\u00e9 avec grattoir&lt;\/p&gt;\n\" data-image-caption=\"&lt;p&gt;Firesteel custom en bois de renne, livr\u00e9 avec grattoir (15 \u20ac)&lt;\/p&gt;\n\" data-medium-file=\"https:\/\/www.couteaux-montlahuc.com\/WordPress3\/wp-content\/uploads\/2012\/02\/Firesteel_renne1-128x300.jpg\" data-large-file=\"https:\/\/www.couteaux-montlahuc.com\/WordPress3\/wp-content\/uploads\/2012\/02\/Firesteel_renne1.jpg\" class=\"size-medium wp-image-335\" title=\"Firesteel custom en bois de renne\" src=\"http:\/\/www.couteaux-montlahuc.com\/WordPress3\/wp-content\/uploads\/2012\/02\/Firesteel_renne1-128x300.jpg\" alt=\"Firesteel custom en bois de renne\" width=\"128\" height=\"300\" srcset=\"https:\/\/www.couteaux-montlahuc.com\/WordPress3\/wp-content\/uploads\/2012\/02\/Firesteel_renne1-128x300.jpg 128w, https:\/\/www.couteaux-montlahuc.com\/WordPress3\/wp-content\/uploads\/2012\/02\/Firesteel_renne1.jpg 339w\" sizes=\"auto, (max-width: 128px) 100vw, 128px\" \/><\/a><p id=\"caption-attachment-335\" class=\"wp-caption-text\">Firesteel custom en bois de renne, livr\u00e9 avec grattoir (15 \u20ac)<\/p><\/div>\n<p>Livraison en Lettre Max (3.30 \u20ac).<\/p>\n","protected":false},"excerpt":{"rendered":"<p>Les tiges de ferrocerium produisent des \u00e9tincelles \u00e0 1650 \u00b0C, en utilisant un grattoir ou le dos d&rsquo;une lame de couteau. Il s&rsquo;agit d&rsquo;un accessoire tr\u00e8s utilis\u00e9 en survie pour allumer un feu dans des conditions difficiles. Tige diam\u00e8tre 8 mm. Longueur utile moyenne 90 mm. Voici quelques firesteels customs : Ils ne sont actuellement [&hellip;]<\/p>\n","protected":false},"author":1,"featured_media":0,"parent":96,"menu_order":0,"comment_status":"closed","ping_status":"open","template":"","meta":{"om_disable_all_campaigns":false,"_monsterinsights_skip_tracking":false,"_monsterinsights_sitenote_active":false,"_monsterinsights_sitenote_note":"","_monsterinsights_sitenote_category":0,"_uf_show_specific_survey":0,"_uf_disable_surveys":false,"jetpack_post_was_ever_published":false,"footnotes":""},"class_list":["post-330","page","type-page","status-publish","hentry"],"aioseo_notices":[],"jetpack_sharing_enabled":true,"jetpack_shortlink":"https:\/\/wp.me\/P1Ny4E-5k","jetpack_likes_enabled":true,"_links":{"self":[{"href":"https:\/\/www.couteaux-montlahuc.com\/index.php?rest_route=\/wp\/v2\/pages\/330","targetHints":{"allow":["GET"]}}],"collection":[{"href":"https:\/\/www.couteaux-montlahuc.com\/index.php?rest_route=\/wp\/v2\/pages"}],"about":[{"href":"https:\/\/www.couteaux-montlahuc.com\/index.php?rest_route=\/wp\/v2\/types\/page"}],"author":[{"embeddable":true,"href":"https:\/\/www.couteaux-montlahuc.com\/index.php?rest_route=\/wp\/v2\/users\/1"}],"replies":[{"embeddable":true,"href":"https:\/\/www.couteaux-montlahuc.com\/index.php?rest_route=%2Fwp%2Fv2%2Fcomments&post=330"}],"version-history":[{"count":8,"href":"https:\/\/www.couteaux-montlahuc.com\/index.php?rest_route=\/wp\/v2\/pages\/330\/revisions"}],"predecessor-version":[{"id":557,"href":"https:\/\/www.couteaux-montlahuc.com\/index.php?rest_route=\/wp\/v2\/pages\/330\/revisions\/557"}],"up":[{"embeddable":true,"href":"https:\/\/www.couteaux-montlahuc.com\/index.php?rest_route=\/wp\/v2\/pages\/96"}],"wp:attachment":[{"href":"https:\/\/www.couteaux-montlahuc.com\/index.php?rest_route=%2Fwp%2Fv2%2Fmedia&parent=330"}],"curies":[{"name":"wp","href":"https:\/\/api.w.org\/{rel}","templated":true}]}}